{"id":182,"date":"2021-04-10T09:03:43","date_gmt":"2021-04-10T07:03:43","guid":{"rendered":"http:\/\/www.moler.cz\/?page_id=182"},"modified":"2024-03-20T20:42:28","modified_gmt":"2024-03-20T19:42:28","slug":"galerie","status":"publish","type":"page","link":"https:\/\/www.moler.cz\/index.php\/galerie\/","title":{"rendered":"Galerie"},"content":{"rendered":"\n<p>Uk\u00e1zka p\u00e1r na\u0161ich prac\u00ed<\/p>\n\n\n\n<p>Kompletn\u00ed gener\u00e1ln\u00ed oprava motoru(zv\u00fd\u0161en\u00e1 spot\u0159eba oleje z d\u016fvodu vyd\u0159en\u00ed vrstvy alusilu) 2.0 TDI 135KW \u0160koda Octavia 3 RS<\/p>\n\n\n\n<figure class=\"wp-block-image size-large\"><img loading=\"lazy\" decoding=\"async\" width=\"1024\" height=\"768\" src=\"https:\/\/www.moler.cz\/wp-content\/uploads\/2024\/03\/B50518A3-33A2-407F-A69F-866199529E48-1024x768.jpeg\" alt=\"\" class=\"wp-image-469\" srcset=\"https:\/\/www.moler.cz\/wp-content\/uploads\/2024\/03\/B50518A3-33A2-407F-A69F-866199529E48-1024x768.jpeg 1024w, https:\/\/www.moler.cz\/wp-content\/uploads\/2024\/03\/B50518A3-33A2-407F-A69F-866199529E48-300x225.jpeg 300w, https:\/\/www.moler.cz\/wp-content\/uploads\/2024\/03\/B50518A3-33A2-407F-A69F-866199529E48-768x576.jpeg 768w, https:\/\/www.moler.cz\/wp-content\/uploads\/2024\/03\/B50518A3-33A2-407F-A69F-866199529E48-1536x1152.jpeg 1536w, https:\/\/www.moler.cz\/wp-content\/uploads\/2024\/03\/B50518A3-33A2-407F-A69F-866199529E48.jpeg 2048w\" sizes=\"auto, (max-width: 1024px) 100vw, 1024px\" \/><\/figure>\n\n\n\n<figure class=\"wp-block-image size-large\"><img loading=\"lazy\" decoding=\"async\" width=\"768\" height=\"1024\" src=\"https:\/\/www.moler.cz\/wp-content\/uploads\/2024\/03\/258D7760-2699-4C0A-9323-F0C481099AAE-768x1024.jpeg\" alt=\"\" class=\"wp-image-470\" srcset=\"https:\/\/www.moler.cz\/wp-content\/uploads\/2024\/03\/258D7760-2699-4C0A-9323-F0C481099AAE-768x1024.jpeg 768w, https:\/\/www.moler.cz\/wp-content\/uploads\/2024\/03\/258D7760-2699-4C0A-9323-F0C481099AAE-225x300.jpeg 225w, https:\/\/www.moler.cz\/wp-content\/uploads\/2024\/03\/258D7760-2699-4C0A-9323-F0C481099AAE-1152x1536.jpeg 1152w, https:\/\/www.moler.cz\/wp-content\/uploads\/2024\/03\/258D7760-2699-4C0A-9323-F0C481099AAE.jpeg 1536w\" sizes=\"auto, (max-width: 768px) 100vw, 768px\" \/><\/figure>\n\n\n\n<figure class=\"wp-block-image size-large\"><img loading=\"lazy\" decoding=\"async\" width=\"768\" height=\"1024\" src=\"https:\/\/www.moler.cz\/wp-content\/uploads\/2024\/03\/C5A194F9-B3E2-4B69-AE0F-9E601A45A199-768x1024.jpeg\" alt=\"\" class=\"wp-image-471\" srcset=\"https:\/\/www.moler.cz\/wp-content\/uploads\/2024\/03\/C5A194F9-B3E2-4B69-AE0F-9E601A45A199-768x1024.jpeg 768w, https:\/\/www.moler.cz\/wp-content\/uploads\/2024\/03\/C5A194F9-B3E2-4B69-AE0F-9E601A45A199-225x300.jpeg 225w, https:\/\/www.moler.cz\/wp-content\/uploads\/2024\/03\/C5A194F9-B3E2-4B69-AE0F-9E601A45A199-1152x1536.jpeg 1152w, https:\/\/www.moler.cz\/wp-content\/uploads\/2024\/03\/C5A194F9-B3E2-4B69-AE0F-9E601A45A199.jpeg 1536w\" sizes=\"auto, (max-width: 768px) 100vw, 768px\" \/><\/figure>\n\n\n\n<figure class=\"wp-block-image size-large\"><img loading=\"lazy\" decoding=\"async\" width=\"473\" height=\"1024\" src=\"https:\/\/www.moler.cz\/wp-content\/uploads\/2024\/03\/F5C824D7-980F-4CA5-9EAD-FBD1002ABDBD-473x1024.png\" alt=\"\" class=\"wp-image-473\" srcset=\"https:\/\/www.moler.cz\/wp-content\/uploads\/2024\/03\/F5C824D7-980F-4CA5-9EAD-FBD1002ABDBD-473x1024.png 473w, https:\/\/www.moler.cz\/wp-content\/uploads\/2024\/03\/F5C824D7-980F-4CA5-9EAD-FBD1002ABDBD-139x300.png 139w, https:\/\/www.moler.cz\/wp-content\/uploads\/2024\/03\/F5C824D7-980F-4CA5-9EAD-FBD1002ABDBD-768x1662.png 768w, https:\/\/www.moler.cz\/wp-content\/uploads\/2024\/03\/F5C824D7-980F-4CA5-9EAD-FBD1002ABDBD-710x1536.png 710w, https:\/\/www.moler.cz\/wp-content\/uploads\/2024\/03\/F5C824D7-980F-4CA5-9EAD-FBD1002ABDBD-946x2048.png 946w, https:\/\/www.moler.cz\/wp-content\/uploads\/2024\/03\/F5C824D7-980F-4CA5-9EAD-FBD1002ABDBD.png 1170w\" sizes=\"auto, (max-width: 473px) 100vw, 473px\" \/><\/figure>\n\n\n\n<figure class=\"wp-block-image size-large\"><img loading=\"lazy\" decoding=\"async\" width=\"576\" height=\"1024\" src=\"https:\/\/www.moler.cz\/wp-content\/uploads\/2024\/03\/26BE6A8C-A9C7-43AD-8FBC-B029A442AAC5-576x1024.jpeg\" alt=\"\" class=\"wp-image-472\" srcset=\"https:\/\/www.moler.cz\/wp-content\/uploads\/2024\/03\/26BE6A8C-A9C7-43AD-8FBC-B029A442AAC5-576x1024.jpeg 576w, https:\/\/www.moler.cz\/wp-content\/uploads\/2024\/03\/26BE6A8C-A9C7-43AD-8FBC-B029A442AAC5-169x300.jpeg 169w, https:\/\/www.moler.cz\/wp-content\/uploads\/2024\/03\/26BE6A8C-A9C7-43AD-8FBC-B029A442AAC5-768x1365.jpeg 768w, https:\/\/www.moler.cz\/wp-content\/uploads\/2024\/03\/26BE6A8C-A9C7-43AD-8FBC-B029A442AAC5-864x1536.jpeg 864w, https:\/\/www.moler.cz\/wp-content\/uploads\/2024\/03\/26BE6A8C-A9C7-43AD-8FBC-B029A442AAC5-1152x2048.jpeg 1152w, https:\/\/www.moler.cz\/wp-content\/uploads\/2024\/03\/26BE6A8C-A9C7-43AD-8FBC-B029A442AAC5-scaled.jpeg 1440w\" sizes=\"auto, (max-width: 576px) 100vw, 576px\" \/><\/figure>\n\n\n\n<p>Oprava klep\u00e1n\u00ed u motoru VW 1,9 TDI PD<\/p>\n\n\n\n<figure class=\"wp-block-image size-large\"><img loading=\"lazy\" decoding=\"async\" width=\"1920\" height=\"2560\" src=\"https:\/\/www.moler.cz\/wp-content\/uploads\/2021\/04\/img_0887-scaled.jpg\" alt=\"\" class=\"wp-image-168\" srcset=\"https:\/\/www.moler.cz\/wp-content\/uploads\/2021\/04\/img_0887-scaled.jpg 1920w, https:\/\/www.moler.cz\/wp-content\/uploads\/2021\/04\/img_0887-225x300.jpg 225w, https:\/\/www.moler.cz\/wp-content\/uploads\/2021\/04\/img_0887-768x1024.jpg 768w, https:\/\/www.moler.cz\/wp-content\/uploads\/2021\/04\/img_0887-1152x1536.jpg 1152w, https:\/\/www.moler.cz\/wp-content\/uploads\/2021\/04\/img_0887-1536x2048.jpg 1536w, https:\/\/www.moler.cz\/wp-content\/uploads\/2021\/04\/img_0887-600x800.jpg 600w\" sizes=\"auto, (max-width: 1920px) 100vw, 1920px\" \/><figcaption class=\"wp-element-caption\">Oprava klep\u00e1n\u00ed u motoru VW 1,9 TDI PD Vyd\u0159en\u00e9 zdvih\u00e1tko ventilu<\/figcaption><\/figure>\n\n\n\n<figure class=\"wp-block-image size-large\"><img loading=\"lazy\" decoding=\"async\" width=\"1920\" height=\"2560\" src=\"https:\/\/www.moler.cz\/wp-content\/uploads\/2021\/04\/img_0889-scaled.jpg\" alt=\"\" class=\"wp-image-169\" srcset=\"https:\/\/www.moler.cz\/wp-content\/uploads\/2021\/04\/img_0889-scaled.jpg 1920w, https:\/\/www.moler.cz\/wp-content\/uploads\/2021\/04\/img_0889-225x300.jpg 225w, https:\/\/www.moler.cz\/wp-content\/uploads\/2021\/04\/img_0889-768x1024.jpg 768w, https:\/\/www.moler.cz\/wp-content\/uploads\/2021\/04\/img_0889-1152x1536.jpg 1152w, https:\/\/www.moler.cz\/wp-content\/uploads\/2021\/04\/img_0889-1536x2048.jpg 1536w, https:\/\/www.moler.cz\/wp-content\/uploads\/2021\/04\/img_0889-600x800.jpg 600w\" sizes=\"auto, (max-width: 1920px) 100vw, 1920px\" \/><\/figure>\n\n\n\n<p>Oprava \u0161patn\u011b na\u010dasovan\u00e9ho rozvodu motoru     <br>Renault 2.0 16v<\/p>\n\n\n\n<figure class=\"wp-block-image size-large\"><img loading=\"lazy\" decoding=\"async\" width=\"1441\" height=\"2560\" src=\"https:\/\/www.moler.cz\/wp-content\/uploads\/2021\/04\/4ec43eb5-a29d-464a-b959-8f09ad9f2268-scaled.jpg\" alt=\"\" class=\"wp-image-170\" srcset=\"https:\/\/www.moler.cz\/wp-content\/uploads\/2021\/04\/4ec43eb5-a29d-464a-b959-8f09ad9f2268-scaled.jpg 1441w, https:\/\/www.moler.cz\/wp-content\/uploads\/2021\/04\/4ec43eb5-a29d-464a-b959-8f09ad9f2268-169x300.jpg 169w, https:\/\/www.moler.cz\/wp-content\/uploads\/2021\/04\/4ec43eb5-a29d-464a-b959-8f09ad9f2268-576x1024.jpg 576w, https:\/\/www.moler.cz\/wp-content\/uploads\/2021\/04\/4ec43eb5-a29d-464a-b959-8f09ad9f2268-768x1365.jpg 768w, https:\/\/www.moler.cz\/wp-content\/uploads\/2021\/04\/4ec43eb5-a29d-464a-b959-8f09ad9f2268-865x1536.jpg 865w, https:\/\/www.moler.cz\/wp-content\/uploads\/2021\/04\/4ec43eb5-a29d-464a-b959-8f09ad9f2268-1153x2048.jpg 1153w, https:\/\/www.moler.cz\/wp-content\/uploads\/2021\/04\/4ec43eb5-a29d-464a-b959-8f09ad9f2268-600x1066.jpg 600w\" sizes=\"auto, (max-width: 1441px) 100vw, 1441px\" \/><figcaption class=\"wp-element-caption\">Oprava nefunk\u010dn\u00ed pojistkov\u00e9 sk\u0159\u00edn\u011b Octavia II<\/figcaption><\/figure>\n\n\n\n<figure class=\"wp-block-image size-large\"><img loading=\"lazy\" decoding=\"async\" width=\"1920\" height=\"2560\" src=\"https:\/\/www.moler.cz\/wp-content\/uploads\/2021\/04\/img_0378-scaled.jpg\" alt=\"\" class=\"wp-image-172\" srcset=\"https:\/\/www.moler.cz\/wp-content\/uploads\/2021\/04\/img_0378-scaled.jpg 1920w, https:\/\/www.moler.cz\/wp-content\/uploads\/2021\/04\/img_0378-225x300.jpg 225w, https:\/\/www.moler.cz\/wp-content\/uploads\/2021\/04\/img_0378-768x1024.jpg 768w, https:\/\/www.moler.cz\/wp-content\/uploads\/2021\/04\/img_0378-1152x1536.jpg 1152w, https:\/\/www.moler.cz\/wp-content\/uploads\/2021\/04\/img_0378-1536x2048.jpg 1536w, https:\/\/www.moler.cz\/wp-content\/uploads\/2021\/04\/img_0378-600x800.jpg 600w\" sizes=\"auto, (max-width: 1920px) 100vw, 1920px\" \/><figcaption class=\"wp-element-caption\">V\u00fdm\u011bna oleje v automatick\u00e9 p\u0159evodovce  Dodge challenger 3,6 V6<\/figcaption><\/figure>\n\n\n\n<figure class=\"wp-block-image size-large\"><img loading=\"lazy\" decoding=\"async\" width=\"1920\" height=\"2560\" src=\"https:\/\/www.moler.cz\/wp-content\/uploads\/2021\/04\/img_0991-1-scaled.jpg\" alt=\"\" class=\"wp-image-174\" srcset=\"https:\/\/www.moler.cz\/wp-content\/uploads\/2021\/04\/img_0991-1-scaled.jpg 1920w, https:\/\/www.moler.cz\/wp-content\/uploads\/2021\/04\/img_0991-1-225x300.jpg 225w, https:\/\/www.moler.cz\/wp-content\/uploads\/2021\/04\/img_0991-1-768x1024.jpg 768w, https:\/\/www.moler.cz\/wp-content\/uploads\/2021\/04\/img_0991-1-1152x1536.jpg 1152w, https:\/\/www.moler.cz\/wp-content\/uploads\/2021\/04\/img_0991-1-1536x2048.jpg 1536w, https:\/\/www.moler.cz\/wp-content\/uploads\/2021\/04\/img_0991-1-600x800.jpg 600w\" sizes=\"auto, (max-width: 1920px) 100vw, 1920px\" \/><\/figure>\n\n\n\n<figure class=\"wp-block-image size-large\"><img loading=\"lazy\" decoding=\"async\" width=\"1088\" height=\"1837\" src=\"https:\/\/www.moler.cz\/wp-content\/uploads\/2021\/04\/img_1010.jpg\" alt=\"\" class=\"wp-image-180\" srcset=\"https:\/\/www.moler.cz\/wp-content\/uploads\/2021\/04\/img_1010.jpg 1088w, https:\/\/www.moler.cz\/wp-content\/uploads\/2021\/04\/img_1010-178x300.jpg 178w, https:\/\/www.moler.cz\/wp-content\/uploads\/2021\/04\/img_1010-606x1024.jpg 606w, https:\/\/www.moler.cz\/wp-content\/uploads\/2021\/04\/img_1010-768x1297.jpg 768w, https:\/\/www.moler.cz\/wp-content\/uploads\/2021\/04\/img_1010-910x1536.jpg 910w, https:\/\/www.moler.cz\/wp-content\/uploads\/2021\/04\/img_1010-600x1013.jpg 600w\" sizes=\"auto, (max-width: 1088px) 100vw, 1088px\" \/><figcaption class=\"wp-element-caption\">Kompletn\u00ed oprava Multicar M25<\/figcaption><\/figure>\n\n\n\n<figure class=\"wp-block-image size-large\"><img loading=\"lazy\" decoding=\"async\" width=\"1024\" height=\"579\" src=\"https:\/\/www.moler.cz\/wp-content\/uploads\/2022\/05\/A77EE16E-6D89-4314-B05F-28AC5EB33928-1024x579.jpeg\" alt=\"\" class=\"wp-image-263\" srcset=\"https:\/\/www.moler.cz\/wp-content\/uploads\/2022\/05\/A77EE16E-6D89-4314-B05F-28AC5EB33928-1024x579.jpeg 1024w, https:\/\/www.moler.cz\/wp-content\/uploads\/2022\/05\/A77EE16E-6D89-4314-B05F-28AC5EB33928-300x170.jpeg 300w, https:\/\/www.moler.cz\/wp-content\/uploads\/2022\/05\/A77EE16E-6D89-4314-B05F-28AC5EB33928-768x434.jpeg 768w, https:\/\/www.moler.cz\/wp-content\/uploads\/2022\/05\/A77EE16E-6D89-4314-B05F-28AC5EB33928-1536x868.jpeg 1536w, https:\/\/www.moler.cz\/wp-content\/uploads\/2022\/05\/A77EE16E-6D89-4314-B05F-28AC5EB33928.jpeg 1600w\" sizes=\"auto, (max-width: 1024px) 100vw, 1024px\" \/><\/figure>\n\n\n\n<figure class=\"wp-block-image size-large\"><img loading=\"lazy\" decoding=\"async\" width=\"768\" height=\"1024\" src=\"https:\/\/www.moler.cz\/wp-content\/uploads\/2022\/05\/A5C01079-5FF9-424D-914F-431AA6BAFB70-768x1024.jpeg\" alt=\"\" class=\"wp-image-261\" srcset=\"https:\/\/www.moler.cz\/wp-content\/uploads\/2022\/05\/A5C01079-5FF9-424D-914F-431AA6BAFB70-768x1024.jpeg 768w, https:\/\/www.moler.cz\/wp-content\/uploads\/2022\/05\/A5C01079-5FF9-424D-914F-431AA6BAFB70-225x300.jpeg 225w, https:\/\/www.moler.cz\/wp-content\/uploads\/2022\/05\/A5C01079-5FF9-424D-914F-431AA6BAFB70-1152x1536.jpeg 1152w, https:\/\/www.moler.cz\/wp-content\/uploads\/2022\/05\/A5C01079-5FF9-424D-914F-431AA6BAFB70.jpeg 1200w\" sizes=\"auto, (max-width: 768px) 100vw, 768px\" \/><figcaption class=\"wp-element-caption\"><br><\/figcaption><\/figure>\n\n\n\n<figure class=\"wp-block-image size-large\"><img loading=\"lazy\" decoding=\"async\" width=\"1024\" height=\"768\" src=\"https:\/\/www.moler.cz\/wp-content\/uploads\/2022\/05\/057AD1D2-03B0-4515-8CF4-787BDC945B98-1024x768.jpeg\" alt=\"\" class=\"wp-image-262\" srcset=\"https:\/\/www.moler.cz\/wp-content\/uploads\/2022\/05\/057AD1D2-03B0-4515-8CF4-787BDC945B98-1024x768.jpeg 1024w, https:\/\/www.moler.cz\/wp-content\/uploads\/2022\/05\/057AD1D2-03B0-4515-8CF4-787BDC945B98-300x225.jpeg 300w, https:\/\/www.moler.cz\/wp-content\/uploads\/2022\/05\/057AD1D2-03B0-4515-8CF4-787BDC945B98-768x576.jpeg 768w, https:\/\/www.moler.cz\/wp-content\/uploads\/2022\/05\/057AD1D2-03B0-4515-8CF4-787BDC945B98-1536x1152.jpeg 1536w, https:\/\/www.moler.cz\/wp-content\/uploads\/2022\/05\/057AD1D2-03B0-4515-8CF4-787BDC945B98-2048x1536.jpeg 2048w\" sizes=\"auto, (max-width: 1024px) 100vw, 1024px\" \/><\/figure>\n\n\n\n<p><\/p>\n","protected":false},"excerpt":{"rendered":"<p>Uk\u00e1zka p\u00e1r na\u0161ich prac\u00ed Kompletn\u00ed gener\u00e1ln\u00ed oprava motoru(zv\u00fd\u0161en\u00e1 spot\u0159eba oleje z d\u016fvodu vyd\u0159en\u00ed vrstvy alusilu) 2.0 TDI 135KW \u0160koda Octavia 3 RS Oprava klep\u00e1n\u00ed u [&hellip;]<\/p>\n","protected":false},"author":1,"featured_media":210,"parent":0,"menu_order":0,"comment_status":"closed","ping_status":"closed","template":"","meta":{"footnotes":""},"class_list":["post-182","page","type-page","status-publish","has-post-thumbnail","hentry"],"_links":{"self":[{"href":"https:\/\/www.moler.cz\/index.php\/wp-json\/wp\/v2\/pages\/182","targetHints":{"allow":["GET"]}}],"collection":[{"href":"https:\/\/www.moler.cz\/index.php\/wp-json\/wp\/v2\/pages"}],"about":[{"href":"https:\/\/www.moler.cz\/index.php\/wp-json\/wp\/v2\/types\/page"}],"author":[{"embeddable":true,"href":"https:\/\/www.moler.cz\/index.php\/wp-json\/wp\/v2\/users\/1"}],"replies":[{"embeddable":true,"href":"https:\/\/www.moler.cz\/index.php\/wp-json\/wp\/v2\/comments?post=182"}],"version-history":[{"count":10,"href":"https:\/\/www.moler.cz\/index.php\/wp-json\/wp\/v2\/pages\/182\/revisions"}],"predecessor-version":[{"id":479,"href":"https:\/\/www.moler.cz\/index.php\/wp-json\/wp\/v2\/pages\/182\/revisions\/479"}],"wp:featuredmedia":[{"embeddable":true,"href":"https:\/\/www.moler.cz\/index.php\/wp-json\/wp\/v2\/media\/210"}],"wp:attachment":[{"href":"https:\/\/www.moler.cz\/index.php\/wp-json\/wp\/v2\/media?parent=182"}],"curies":[{"name":"wp","href":"https:\/\/api.w.org\/{rel}","templated":true}]}}