{"id":16,"date":"2017-09-17T16:34:42","date_gmt":"2017-09-17T14:34:42","guid":{"rendered":"http:\/\/www.moler.cz\/?page_id=16"},"modified":"2024-10-22T10:27:05","modified_gmt":"2024-10-22T08:27:05","slug":"home","status":"publish","type":"page","link":"https:\/\/www.moler.cz\/","title":{"rendered":"Home"},"content":{"rendered":"<div id=\"pl-16\"  class=\"panel-layout\" ><div id=\"pg-16-0\"  class=\"panel-grid panel-no-style\" ><div id=\"pgc-16-0-0\"  class=\"panel-grid-cell\" ><div id=\"panel-16-0-0-0\" class=\"so-panel widget widget_sow-editor panel-first-child\" data-index=\"0\" ><div\n\t\t\t\n\t\t\tclass=\"so-widget-sow-editor so-widget-sow-editor-base\"\n\t\t\t\n\t\t>\n<div class=\"siteorigin-widget-tinymce textwidget\">\n\t<p>&nbsp;<\/p>\n<p>&nbsp;<\/p>\n<p><img loading=\"lazy\" decoding=\"async\" class=\"aligncenter wp-image-426\" src=\"https:\/\/www.moler.cz\/wp-content\/uploads\/2023\/01\/EB5C0D19-35C7-4B09-922E-AF0D709CFF67_1_105_c-1024x681.jpeg\" alt=\"\" width=\"210\" height=\"140\" srcset=\"https:\/\/www.moler.cz\/wp-content\/uploads\/2023\/01\/EB5C0D19-35C7-4B09-922E-AF0D709CFF67_1_105_c-1024x681.jpeg 1024w, https:\/\/www.moler.cz\/wp-content\/uploads\/2023\/01\/EB5C0D19-35C7-4B09-922E-AF0D709CFF67_1_105_c-300x200.jpeg 300w, https:\/\/www.moler.cz\/wp-content\/uploads\/2023\/01\/EB5C0D19-35C7-4B09-922E-AF0D709CFF67_1_105_c-768x511.jpeg 768w, https:\/\/www.moler.cz\/wp-content\/uploads\/2023\/01\/EB5C0D19-35C7-4B09-922E-AF0D709CFF67_1_105_c-272x182.jpeg 272w, https:\/\/www.moler.cz\/wp-content\/uploads\/2023\/01\/EB5C0D19-35C7-4B09-922E-AF0D709CFF67_1_105_c.jpeg 1087w\" sizes=\"auto, (max-width: 210px) 100vw, 210px\" \/>Jsme servis s v\u00edce jak dvacetiletou prax\u00ed. Zab\u00fdv\u00e1me se kompletn\u00edm <a href=\"http:\/\/www.moler.cz\/index.php\/autoservis\/\">servisem vozidel<\/a>, <a href=\"http:\/\/www.moler.cz\/index.php\/pneuservis\/\">pneuservisem<\/a>, karos\u00e1\u0159skou prac\u00ed, <a href=\"http:\/\/www.moler.cz\/index.php\/klimatizace\/\">dopln\u011bn\u00ed klimatizac\u00ed<\/a><\/p>\n<p>&nbsp;<\/p>\n<p>&nbsp;<\/p>\n<\/div>\n<\/div><\/div><div id=\"panel-16-0-0-1\" class=\"so-panel widget widget_siteorigin-panels-builder panel-last-child\" data-index=\"1\" ><div class=\"panel-widget-style panel-widget-style-for-16-0-0-1\" ><div id=\"pl-w65fb1cba363d8\"  class=\"panel-layout\" ><div id=\"pg-w65fb1cba363d8-0\"  class=\"panel-grid panel-no-style\" ><div id=\"pgc-w65fb1cba363d8-0-0\"  class=\"panel-grid-cell\" ><div id=\"panel-w65fb1cba363d8-0-0-0\" class=\"so-panel widget widget_siteorigin-panels-postloop panel-first-child panel-last-child\" data-index=\"0\" ><\/div><\/div><\/div><\/div><\/div><\/div><\/div><\/div><\/div>","protected":false},"excerpt":{"rendered":"<p>&nbsp; &nbsp; Jsme servis s v\u00edce jak dvacetiletou prax\u00ed. Zab\u00fdv\u00e1me se kompletn\u00edm servisem vozidel, pneuservisem, karos\u00e1\u0159skou prac\u00ed, dopln\u011bn\u00ed klimatizac\u00ed &nbsp; &nbsp;<\/p>\n","protected":false},"author":1,"featured_media":0,"parent":0,"menu_order":0,"comment_status":"closed","ping_status":"closed","template":"","meta":{"footnotes":""},"class_list":["post-16","page","type-page","status-publish","hentry"],"_links":{"self":[{"href":"https:\/\/www.moler.cz\/index.php\/wp-json\/wp\/v2\/pages\/16","targetHints":{"allow":["GET"]}}],"collection":[{"href":"https:\/\/www.moler.cz\/index.php\/wp-json\/wp\/v2\/pages"}],"about":[{"href":"https:\/\/www.moler.cz\/index.php\/wp-json\/wp\/v2\/types\/page"}],"author":[{"embeddable":true,"href":"https:\/\/www.moler.cz\/index.php\/wp-json\/wp\/v2\/users\/1"}],"replies":[{"embeddable":true,"href":"https:\/\/www.moler.cz\/index.php\/wp-json\/wp\/v2\/comments?post=16"}],"version-history":[{"count":42,"href":"https:\/\/www.moler.cz\/index.php\/wp-json\/wp\/v2\/pages\/16\/revisions"}],"predecessor-version":[{"id":486,"href":"https:\/\/www.moler.cz\/index.php\/wp-json\/wp\/v2\/pages\/16\/revisions\/486"}],"wp:attachment":[{"href":"https:\/\/www.moler.cz\/index.php\/wp-json\/wp\/v2\/media?parent=16"}],"curies":[{"name":"wp","href":"https:\/\/api.w.org\/{rel}","templated":true}]}}

<div id="pl-16"  class="panel-layout" ><div id="pg-16-0"  class="panel-grid panel-no-style" ><div id="pgc-16-0-0"  class="panel-grid-cell" ><div id="panel-16-0-0-0" class="so-panel widget widget_sow-editor panel-first-child" data-index="0" ><div
			
			class="so-widget-sow-editor so-widget-sow-editor-base"
			
		>
<div class="siteorigin-widget-tinymce textwidget">
	<p>&nbsp;</p>
<p>&nbsp;</p>
<p><img loading="lazy" decoding="async" class="aligncenter wp-image-426" src="https://www.moler.cz/wp-content/uploads/2023/01/EB5C0D19-35C7-4B09-922E-AF0D709CFF67_1_105_c-1024x681.jpeg" alt="" width="210" height="140" srcset="https://www.moler.cz/wp-content/uploads/2023/01/EB5C0D19-35C7-4B09-922E-AF0D709CFF67_1_105_c-1024x681.jpeg 1024w, https://www.moler.cz/wp-content/uploads/2023/01/EB5C0D19-35C7-4B09-922E-AF0D709CFF67_1_105_c-300x200.jpeg 300w, https://www.moler.cz/wp-content/uploads/2023/01/EB5C0D19-35C7-4B09-922E-AF0D709CFF67_1_105_c-768x511.jpeg 768w, https://www.moler.cz/wp-content/uploads/2023/01/EB5C0D19-35C7-4B09-922E-AF0D709CFF67_1_105_c-272x182.jpeg 272w, https://www.moler.cz/wp-content/uploads/2023/01/EB5C0D19-35C7-4B09-922E-AF0D709CFF67_1_105_c.jpeg 1087w" sizes="auto, (max-width: 210px) 100vw, 210px" />Jsme servis s více jak dvacetiletou praxí. Zabýváme se kompletním <a href="http://www.moler.cz/index.php/autoservis/">servisem vozidel</a>, <a href="http://www.moler.cz/index.php/pneuservis/">pneuservisem</a>, karosářskou prací, <a href="http://www.moler.cz/index.php/klimatizace/">doplnění klimatizací</a></p>
<p>&nbsp;</p>
<p>&nbsp;</p>
</div>
</div></div><div id="panel-16-0-0-1" class="so-panel widget widget_siteorigin-panels-builder panel-last-child" data-index="1" ><div class="panel-widget-style panel-widget-style-for-16-0-0-1" ><div id="pl-w65fb1cba363d8"  class="panel-layout" ><div id="pg-w65fb1cba363d8-0"  class="panel-grid panel-no-style" ><div id="pgc-w65fb1cba363d8-0-0"  class="panel-grid-cell" ><div id="panel-w65fb1cba363d8-0-0-0" class="so-panel widget widget_siteorigin-panels-postloop panel-first-child panel-last-child" data-index="0" ></div></div></div></div></div></div></div></div></div>

<p>&nbsp; &nbsp; Jsme servis s více jak dvacetiletou praxí. Zabýváme se kompletním servisem vozidel, pneuservisem, karosářskou prací, doplnění klimatizací &nbsp; &nbsp;</p>
